 What is the remainder when 123 is divided by 8 - (0 - g) - -14?
15
Let t(a) = a**2 + 27*a - 43. Let p be t(-16). What is the remainder when 287 is divided by p/6*(35 + -37)?
68
Suppose -1206 = -6*x + 698 + 1246. What is the remainder when x is divided by 176?
173
Let k(x) = -291*x + 12806. Let v be ((-30)/(-4))/((-1)/(-2)). Suppose -v = -n - 6. What is the remainder when n is divided by k(44)?
1
Let d(f) = 4*f**2 - f + 4. Suppose 2*l - 3 = -2*i + i, -4*l = i - 3. Suppose -5*v + 86 - 16 = l. What is the remainder when d(4) is divided by v?
8
Let f = 2233 + -1513. What is the remainder when f is divided by 103?
102
Let t be -2 + 304 - 3/1. Let v = -275 + t. Calculate the remainder when v is divided by 17.
7
Suppose -4*r - 61*t = -57*t - 184, -2*t - 88 = -2*r. What is the remainder when (66/(-4))/(12/(-64)) is divided by r?
43
Let h = -222 - -320. Let i = h - 87. What is the remainder when 151 is divided by i?
8
Let p = -4443 - -4508. What is the remainder when p is divided by 41?
24
Let p(y) = -2*y**3 + 10*y**2 + 5*y - 11. Let h = 628 - 623. Calculate the remainder when 137 is divided by p(h).
11
Suppose -5*u + 89 = 4*y, -3*u + 35 = 2*y - 8. Calculate the remainder when 157/1 - 12/(-12) is divided by y.
2
Suppose 0 = -3*z - 4*q - 90 + 230, 4*q + 52 = z. Suppose -392 = -4*h + 2*a, 43*h + 497 = z*h + a. Calculate the remainder when h is divided by 50.
49
Suppose 170949 = 315*b - 789729 + 109548. Calculate the remainder when b is divided by 123.
119
Let t(f) = f**2 - 27*f + 81. What is the remainder when t(35) is divided by 46?
39
Suppose 38*l = -44*l - l + 1494747. What is the remainder when l is divided by 38?
35
Let j = -131 - -59. Let z = j - -85. Calculate the remainder when 44 is divided by z.
5
Suppose -61*x + 59*x + 4315 = -5*n, -2*x - 2*n + 4336 = 0. What is the remainder when x is divided by 197?
195
Suppose 36*w = -8*w + 14344. Suppose -323*q - 156 = -w*q. Let m = -38 + 65. What is the remainder when q is divided by m?
25
Let j(w) = -63*w - 4444. What is the remainder when j(-106) is divided by 25?
9
Let y = -1279 + 1035. Let c = 39 - 8. Calculate the remainder when c is divided by y/(-1830) - (2 + (-238)/15).
3
Let i = -109 + 558. What is the remainder when i is divided by 90?
89
Let v(b) = b**3 - 7*b + 5. Suppose 0 = -14*j + 6*j - 8. Let r(y) = -6*y**3 - 1. Let p be r(j). What is the remainder when v(p) is divided by 33?
29
Let t = -9107 - -9129. What is the remainder when 129 is divided by t?
19
What is the remainder when -5 - ((-24)/312 + (-3847)/13) is divided by 28?
11
Let b = 2243 - 1424. What is the remainder when b is divided by 103?
98
Suppose -83 = -4*b + 2349. Suppose g - b + 126 = -5*x, -2*x + 206 = -4*g. Calculate the remainder when x is divided by 34.
29
Suppose -5*h + 148 = -a, -57*h + 60*h = 4*a + 82. Calculate the remainder when 185 is divided by h.
5
Let t = 8027 - 7928. Calculate the remainder when t is divided by 17.
14
Suppose 4*m - 591*i + 588*i = 440, -4*m + 460 = 2*i. Calculate the remainder when m is divided by 26.
9
Suppose 3*a = 3, -3*r + 3*a + 91 + 44 = 0. Let g(c) = 3*c**2 + 126*c + 50. What is the remainder when g(-43) is divided by r?
41
Let i(w) = -73 - 28*w - 3*w - 3*w - 37 - 13. What is the remainder when i(-14) is divided by 17?
13
Let f(b) = b**3 - 5*b**2 - 2*b + 11. Let g be f(5). Let t be g - 3*-4*(-5 - 12). Let h = t - -326. Calculate the remainder when h is divided by 21.
18
Suppose -4*p + 1164 = -14*i + 19*i, 3*p = i - 248. Let o = i + -188. Calculate the remainder when 140 is divided by o.
44
Let a be 2722/(-14) + -5 + 152/28. Let c = a - -250. Calculate the remainder when c is divided by (0 - (-1 + 0))*20.
16
Suppose 0 = 2*h + 4*j - 34, -72*j = 2*h - 76*j - 10. Calculate the remainder when 1009 is divided by h.
8
Suppose -5*y = -7*g + 10*g - 78, -g = -4*y - 9. Calculate the remainder when 82 is divided by g.
19
Let p = 1379 - 1362. Suppose 5*t + 435 = -3*m - 2*m, -5*m = 4*t + 346. Let d = t - -206. What is the remainder when d is divided by p?
15
Suppose d - 27 = v, 5*d + 74 = 8*d + 4*v. What is the remainder when 10/(-35) - (-1250)/14 is divided by d?
11
Suppose t = 94 + 137. Suppose -5*k - 4*d = -581, -2*k + 0*k - 3*d = -t. Calculate the remainder when k is divided by -2 + 36 - 5/(35/28).
27
Suppose -3*d = 3*f - 99, 3*d = -d + 5*f + 87. Let l = d - 24. Suppose -l*x = -4*u - 80, -4*x + 82 = -2*u - 2. What is the remainder when 87 is divided by x?
21
Suppose 106 = 3*q - 104. Suppose -91 - 98 = 27*k. What is the remainder when q is divided by ((-333)/(-45) + k)/(1/60)?
22
Let r = -241 + 457. Suppose -10*c = -c - r. Suppose 4*z = 5*l - 0*z - 65, 5*l - 5*z - 70 = 0. Calculate the remainder when c is divided by l.
6
Suppose -13*l = 8 + 161. Let o = 98 - l. What is the remainder when o is divided by 23?
19
Suppose -66*g + 64*g = -8. Suppose 3*p + 9 = g*p. Suppose -p*t + 3*t + 30 = 0. What is the remainder when t is divided by 1?
0
Let v be 666/6*(4 + (-7)/3). Let c = 197 - v. Calculate the remainder when 287 is divided by c.
11
Let m be -8 - (-1095)/135 - (-88)/18. Suppose 4*s - 35 = -c, 5*c - 39 = 4*c - m*s. Calculate the remainder when (1 - -1) + (1 - -70) is divided by c.
16
What is the remainder when (-1)/(35/(-235634)) - (6 + (-69)/15) is divided by 74?
71
Suppose 586*o - 589*o + 105 = 0. Suppose -4*f = -5*z + 2*z + 35, 2*f - 5 = -3*z. Let a = 17 + f. Calculate the remainder when o is divided by a.
11
Suppose 4374 = 5*d + 549. Calculate the remainder when d is divided by 40.
5
Let z = -62 - -56. What is the remainder when 31 is divided by (-18)/((z/8)/(45/120))?
4
Suppose 645 = 5*k + 5*a, 4*a - 256 = -2*k - 0*a. Let m(n) = -n - 90. Let b be m(11). Let z = k + b. What is the remainder when z is divided by 11?
7
Suppose -32*o + 27*o = 3*i - 95, 2*o - 38 = -4*i. Calculate the remainder when 4272 is divided by o.
16
Suppose 2*y - 24310 = -11*y. What is the remainder when y is divided by 48?
46
Let g = -10 + 28. Let r(a) = 9*a**3 + 343*a**2 + 36*a - 61. What is the remainder when g is divided by r(-38)?
3
Suppose -4*z + 1992 = 5*j, 0*z - 3 = -z. Suppose -4*v - 126 = -3*v - 3*f, 3*v = 3*f - j. Let l = -93 - v. Calculate the remainder when 166 is divided by l.
40
Let t = 162 + -144. Suppose -3*u + s + 55 = 0, 2*u + 4*s - 55 = s. Suppose -t*v + u*v - 44 = 0. What is the remainder when v is divided by 8?
6
Let i(c) = 2*c**2 + 9*c - 87. Let u be i(-12). Suppose -156 = -9*m - u. Suppose 12 = 3*y - 2*y. What is the remainder when y is divided by m?
5
Suppose 11*u - 34*u + 29500 = 27*u. What is the remainder when u is divided by 8?
6
Let d = -43 + 55. Let s be d/3 - (-6 - -31). What is the remainder when 54 is divided by 2*(-53)/(-8) + s/(-28)?
12
Let n = 821 + -812. Suppose 5*y = 3*p - 313, 0 = -p - 4*y + 24 + 52. Calculate the remainder when (-1)/((-3)/p) + 3 is divided by n.
8
Suppose 142 = 5*h + 4*r, -5*r = -2*h + 47 - 10. Let d = 40 + h. Let l(s) = 3*s**2 - 3*s - 1. Calculate the remainder when d is divided by l(3).
15
Let v = 6105 - 5910. What is the remainder when v is divided by 14?
13
Suppose 2*q = -4*k + 114, 41*k - 36*k - 3*q = 148. Calculate the remainder when 9595 is divided by k.
25
Suppose z + 12 = -2*z, -4*a + 4*z = -112. Calculate the remainder when 878 is divided by a.
14
Let h(i) = -i**2 + 40*i + 120. Let f be h(37). Suppose -2*k + o + 355 = 0, -2*o + 46 - f = -k. Calculate the remainder when k is divided by 18.
13
Let y be 1/2*0/(-5). Suppose -2*a - 4*c = -46, y = -c - 0 - 3. Let v = 61 - a. Calculate the remainder when v is divided by 11.
10
Suppose 5*q - 40 = -m, 4*q + 4*m - 30 - 2 = 0. Suppose -4*t - 14 = -5*t + 5*h, -t + 7 = 2*h. Calculate the remainder when t is divided by q.
1
What is the remainder when 275 is divided by 48/(-80) - -236*2/(-60)*-3?
22
Let h = 32 + -30. Suppose 2*r = -o + 22, -28 = -o + h*r - 7*r. Let m(w) = -w + 28. Calculate the remainder when 18 is divided by m(o).
8
Suppose k + 0*k = -5*k. Suppose -2*w = 4*h - 4*w - 144, -h + w + 38 = k. What is the remainder when 79 is divided by h?
11
Let x(c) = 3*c - 139. Let q be x(47). Suppose -17*m + 12*m + 1500 = 5*h, -3*h - q*m + 897 = 0. Calculate the remainder when h is divided by 25.
22
Let u be (-99)/(-12) + (90/8)/15. Suppose u*z - 324 = 3*z. Suppose 2*q - 87 = -5*w, -5*w + 2*q = -0*q - 103. Calculate the rema